00110?
-11110010000100
In base 6, what is 413 - 123335?
-122522
In base 8, what is -33371464 + 22?
-33371442
In base 2, what is -1101111 + 11000010011010111110?
11000010011001001111
In base 2, what is -101101100101111110 - 110001000111?
-101110010111000101
In base 6, what is -4531502 + 110?
-4531352
In base 15, what is 42b8d + 0?
42b8d
In base 13, what is 7a941 - -52?
7a993
In base 11, what is 484269 - -203?
484471
In base 16, what is -25 + 10d2e51?
10d2e2c
In base 9, what is -700232506 + 2?
-700232504
In base 11, what is -a2852 + 781?
-a2081
In base 8, what is -30015524 + -3?
-30015527
In base 16, what is 19fe92 - 4?
19fe8e
In base 10, what is -4 + -2241746?
-2241750
In base 10, what is 497678 + -55?
497623
In base 14, what is 1 + -10b646?
-10b645
In base 9, what is -124 - 64210?
-64334
In base 2, what is 101110110 - -111111001011111011?
111111010001110001
In base 6, what is 14303030 + 3?
14303033
In base 7, what is 5260501 + -114?
5260354
In base 4, what is 111110102 + 202?
111110310
In base 4, what is 10001220 - -10320?
10012200
In base 12, what is 14782 + 479?
1503b
In base 15, what is 48689 - b?
4867d
In base 10, what is 154585468 + -3?
154585465
In base 7, what is -12451303 - 34?
-12451340
In base 3, what is -11202000012 - 1010000?
-11210010012
In base 4, what is -113012 - -1112013323?
1111300311
In base 14, what is 4 + -dc57b?
-dc577
In base 8, what is -2 - 473233231?
-473233233
In base 14, what is 2440d903 - 2?
2440d901
In base 15, what is 6d + -a27154?
-a270d6
In base 2, what is 1001 - -11000000010000111110?
11000000010001000111
In base 5, what is 1243 + 1020101?
1021344
In base 2, what is -101 + -11010100010100000?
-11010100010100101
In base 7, what is 15340 + -2021?
13316
In base 10, what is 4379 - -3181?
7560
In base 16, what is -5652329 + 3?
-5652326
In base 5, what is -1110 - 10033222?
-10034332
In base 16, what is -2e045 + 9a?
-2dfab
In base 5, what is -2112 - 1040330?
-1042442
In base 15, what is 611e4 - -a?
611ee
In base 7, what is 2111 - -14645111?
14650222
In base 11, what is 0 - -aa46473?
aa46473
In base 15, what is b8ca9 - -5?
b8cae
In base 13, what is -203 - c188?
-c38b
In base 3, what is 1000120012 + 100110?
1000220122
In base 10, what is 13549594 - -1?
13549595
In base 13, what is -167565 - 64?
-1675c9
In base 10, what is -37 + 6301940?
6301903
In base 4, what is 1000 - 2102123302?
-2102122302
In base 5, what is -3303100241 + 114?
-3303100122
In base 7, what is 3 - -165044015?
165044021
In base 7, what is -11 + -3430144216?
-3430144230
In base 12, what is -674ab8a - 4?
-674ab92
In base 8, what is 602 - 564162?
-563360
In base 7, what is 1023232 - -10466?
1034031
In base 5, what is -3 - 1433444?
-1434002
In base 15, what is 1da973 + -2?
1da971
In base 6, what is 1021153505 - -12?
1021153521
In base 15, what is -4a13977 + 7?
-4a13970
In base 11, what is 1238 + 4259?
5496
In base 13, what is 1a3543 - -2c3?
1a3836
In base 11, what is 8766 + -907?
795a
In base 9, what is -308417601 + -3?
-308417604
In base 2, what is -1 + 10100001000101000101100?
10100001000101000101011
In base 5, what is -20230433 + -4003?
-20234441
In base 14, what is -3661685 + -1?
-3661686
In base 2, what is 11010010111000111 - -1100110010?
11010100011111001
In base 2, what is -1001001001011010111000110 + -100?
-1001001001011010111001010
In base 10, what is -4 - 1598345?
-1598349
In base 6, what is 301524105 - 212?
301523453
In base 9, what is -15570276 + 6?
-15570270
In base 5, what is -2 + -2120334231?
-2120334233
In base 8, what is 503 + -1330655?
-1330152
In base 15, what is 3 + -d29846?
-d29843
In base 6, what is -115 + -230514?
-231033
In base 14, what is 357d5b0 + -2?
357d5ac
In base 11, what is -12069 - 471?
-1252a
In base 11, what is 11354467 + 2?
11354469
In base 7, what is 62 + 2636023?
2636115
In base 6, what is 154 + 5211312?
5211510
In base 5, what is -311102 - -3312?
-302240
In base 11, what is -a9a48791 + -2?
-a9a48793
In base 14, what is -73a5a51 - 4?
-73a5a55
In base 5, what is -43 + -33231140001?
-33231140044
In base 11, what is 112310187 + -1?
112310186
In base 10, what is 24625 - 253?
24372
In base 7, what is -11063131146 + 1?
-11063131145
In base 16, what is e + -399d4?
-399c6
In base 12, what is 6320 + -575?
5967
In base 3, what is 10112210 + 21022112?
101212022
In base 11, what is 5449 + 54085?
59523
In base 8, what is -30 - 4644733?
-4644763
In base 13, what is -748a7396 + 3?
-748a7393
In base 9, what is 33764425 - -4?
33764430
In base 10, what is 147799572 - 2?
147799570
In base 14, what is 32225284 + 0?
32225284
In base 11, what is 6020 - -230?
6250
In base 5, what is -2243 - -441241?
433443
In base 11, what is 5008a - 163?
4aa27
In base 11, what is -1 + aa39a33?
aa39a32
In base 10, what is -1995 + -526218?
-528213
In base 11, what is -38 + -196664?
-1966a1
In base 5, what is -244 - -4032430?
4032131
In base 11, what is 2a753 - 10a0?
29663
In base 9, what is 75703160 + -1?
75703158
In base 9, what is 37884268 + 3?
37884272
In base 4, what is -222121000 + 20312?
-222100022
In base 16, what is -23 - -2cc4?
2ca1
In base 10, what is -12 - -2198492?
2198480
In base 4, what is -2121223033111 + -11?
-2121223033122
In base 5, what is 1344242 - -344231?
2244023
In base 16, what is -14bb + -e5a7?
-fa62
In base 9, what is -3144425 + 50?
-3144365
In base 2, what is 11000011010110100111101 + 10011100?
11000011010110111011001
In base 15, what is -14d7b89 - -e?
-14d7b7a
In base 14, what is 605 - -126c9?
12cd0
In base 4, what is -323033221 + 111213?
-322322002
In base 9, what is -308 + 422?
113
In base 4, what is 0 - -122323120011?
122323120011
In base 12, what is -28776 + 565?
-28211
In base 15, what is 18dcec + 72?
18dd6e
In base 14, what is b5 - -38b4a?
38c21
In base 3, what is -10 - 1020000201220?
-1020000202000
In base 9, what is -1 + 15043086?
15043085
In base 16, what is -14de + -3c15?
-50f3
In base 3, what is 11101010 - -10002?
11111012
In base 2, what is 1100101110 - -1001001111100?
1010110101010
In base 14, what is 2 + -115321?
-11531d
In base 16, what is -4 - -44be?
44ba
In base 15, what is 800393 + -1?
800392
In base 7, what is -1243 - -40612?
36336
In base 8, what is -17 + 2153245?
2153226
In base 7, what is 61 - 33233053?
-33232662
In base 15, what is -4598ba + -e?
-4598c9
In base 16, what is -1b21 - 3c2?
-1ee3
In base 14, what is 84ad3 + 347?
8503a
In base 8, what is 2611 - -12602?
15413
In base 16, what is 135 - -82ad?
83e2
In base 12, what is 491897 - -3?
49189a
In base 7, what is 1621 + 445?
2366
In base 7, what is -55024120656 - -3?
-55024120653
In base 14, what is 3d30 - -1948?
5878
In base 15, what is bb6a65 - 5?
bb6a60
In base 11, what is 84928094 - -5?
84928099
In base 16, what is -10 + 1fe2?
1fd2
In base 9, what is -53 + 72265?
72212
In base 16, what is ee3c + 1?
ee3d
In base 10, what is 673 - -12822?
13495
In base 15, what is -70b29 + 7?
-70b22
In base 14, what is 0 + 1702300?
1702300
In base 4, what is 102030123003 + 300?
102030123303
In base 5, what is -3123 + -130020?
-133143
In base 4, what is 111 - -32210011121?
32210011232
In base 11, what is 353485 + -23?
353462
In base 14, what is 1036125 - -4?
1036129
In base 8, what is -137 - -26154532?
26154373
In base 14, what is 5 - -399a4d?
399a54
In base 9, what is 63 + -3252734?
-3252661
In base 15, what is 279 + 15607b?
156305
In base 3, what is -100112210120210 - -1000?
-100112210112210
In base 3, what is -22210 + -2020211202?
-2021011112
In base 8, what is 60 - -166154?
166234
In base 15, what is 5 + 54dc4?
54dc9
In base 14, what is -2c17cdb0 - -1?
-2c17cdad
In base 15, what is -15b3 + -89?
-164c
In base 5, what is -232113240 + -10304?
-232124044
In base 6, what is -250311 + 23?
-250244
In base 7, what is 6 + 31512025?
31512034
In base 10, what is -7848729 + 13?
-7848716
In base 10, what is 286 - 100300?
-100014
In base 9, what is 78 - 241825?
-241736
In base 11, what is 1677 + 75577?
77143
In base 10, what is 0 + 23368695?
23368695
In base 12, what is -3a + -25488a?
-254908
In base 15, what is -3 + -128a151?
-128a154
In base 8, what is -125576 + -5305?
-133103
In base 7, what is -1131 - -153145?
152014
In base 4, what is -1 + -10023301333?
-10023302000
In base 11, what is -1018 - -a26?
-a2
In base 3, what is -212211211100 - -2002122?
-212202201201
In base 2, wh